{"id":164,"date":"2021-10-17T08:24:59","date_gmt":"2021-10-17T08:24:59","guid":{"rendered":"http:\/\/www.detouteslescouleurs.fr\/?page_id=164"},"modified":"2026-05-11T16:35:25","modified_gmt":"2026-05-11T16:35:25","slug":"projet","status":"publish","type":"page","link":"https:\/\/www.detouteslescouleurs.fr\/?page_id=164","title":{"rendered":"Le projet associatif"},"content":{"rendered":"\t\t<div data-elementor-type=\"wp-post\" data-elementor-id=\"164\" class=\"elementor elementor-164\" data-elementor-settings=\"[]\">\n\t\t\t\t\t\t\t<div class=\"elementor-section-wrap\">\n\t\t\t\t\t\t\t<section class=\"elementor-section elementor-top-section elementor-element elementor-element-8d383d3 elementor-section-boxed elementor-section-height-default elementor-section-height-default\" data-id=\"8d383d3\" data-element_type=\"section\">\n\t\t\t\t\t\t<div class=\"elementor-container elementor-column-gap-default\">\n\t\t\t\t\t<div class=\"elementor-column elementor-col-100 elementor-top-column elementor-element elementor-element-a40b4df\" data-id=\"a40b4df\" data-element_type=\"column\">\n\t\t\t<div class=\"elementor-widget-wrap elementor-element-populated\">\n\t\t\t\t\t\t\t\t<div class=\"elementor-element elementor-element-3c6cfe2 elementor-widget elementor-widget-heading\" data-id=\"3c6cfe2\" data-element_type=\"widget\" data-widget_type=\"heading.default\">\n\t\t\t\t<div class=\"elementor-widget-container\">\n\t\t\t<h2 class=\"elementor-heading-title elementor-size-default\">Le projet associatif  <\/h2>\t\t<\/div>\n\t\t\t\t<\/div>\n\t\t\t\t\t<\/div>\n\t\t<\/div>\n\t\t\t\t\t\t\t<\/div>\n\t\t<\/section>\n\t\t\t\t<section class=\"elementor-section elementor-top-section elementor-element elementor-element-e6418af elementor-section-boxed elementor-section-height-default elementor-section-height-default\" data-id=\"e6418af\" data-element_type=\"section\">\n\t\t\t\t\t\t<div class=\"elementor-container elementor-column-gap-default\">\n\t\t\t\t\t<div class=\"elementor-column elementor-col-100 elementor-top-column elementor-element elementor-element-1393f99\" data-id=\"1393f99\" data-element_type=\"column\">\n\t\t\t<div class=\"elementor-widget-wrap elementor-element-populated\">\n\t\t\t\t\t\t\t\t<div class=\"elementor-element elementor-element-4c1b837 elementor-widget elementor-widget-text-editor\" data-id=\"4c1b837\" data-element_type=\"widget\" data-widget_type=\"text-editor.default\">\n\t\t\t\t<div class=\"elementor-widget-container\">\n\t\t\t\t\t\t\t<p>Chaque personne concern\u00e9e par la d\u00e9l\u00e9tion 16p11.2, de pr\u00e8s ou de loin, est au coeur du projet associatif. L&rsquo;objectif est que chacun y trouve sa place, la r\u00e9ponse \u00e0 ses questions, \u00e0 ses besoins et puisse se sentenir soutenu. Le lien avec le monde m\u00e9dical sera essentiel.<\/p><p>Actuellement, nous travaillons sur l&rsquo;\u00e9laboration d&rsquo;un d\u00e9pliant qui a vocation \u00e0 \u00eatre distribu\u00e9 lors de l&rsquo;annonce du diagnostic. Celui-ci permettra de reprendre les grandes lignes du syndrome, mais surtout d&rsquo;expliquer le r\u00f4le de l&rsquo;association et l&rsquo;int\u00e9r\u00eat de nous solliciter d\u00e8s le diagnostic pour se faire accompagner sur ce long chemin que repr\u00e9sente cette annonce. Le d\u00e9pliant sera donc remis aux diff\u00e9rentes structures et services qui portent le r\u00f4le d&rsquo;annoncer aux familles le diagnostic de la d\u00e9l\u00e9tion 16p11.2.<\/p><p>Pour r\u00e9pondre \u00e0 ces besoins, le projet associatif se d\u00e9coupe en 3 axes :<\/p>\t\t\t\t\t\t<\/div>\n\t\t\t\t<\/div>\n\t\t\t\t\t<\/div>\n\t\t<\/div>\n\t\t\t\t\t\t\t<\/div>\n\t\t<\/section>\n\t\t\t\t<section class=\"elementor-section elementor-top-section elementor-element elementor-element-264cfc7 elementor-section-boxed elementor-section-height-default elementor-section-height-default\" data-id=\"264cfc7\" data-element_type=\"section\">\n\t\t\t\t\t\t<div class=\"elementor-container elementor-column-gap-default\">\n\t\t\t\t\t<div class=\"elementor-column elementor-col-50 elementor-top-column elementor-element elementor-element-abeee94\" data-id=\"abeee94\" data-element_type=\"column\" data-settings=\"{&quot;background_background&quot;:&quot;classic&quot;}\">\n\t\t\t<div class=\"elementor-widget-wrap elementor-element-populated\">\n\t\t\t\t\t<div class=\"elementor-background-overlay\"><\/div>\n\t\t\t\t\t\t\t\t<div class=\"elementor-element elementor-element-b60fa6e elementor-widget elementor-widget-heading\" data-id=\"b60fa6e\" data-element_type=\"widget\" data-widget_type=\"heading.default\">\n\t\t\t\t<div class=\"elementor-widget-container\">\n\t\t\t<h2 class=\"elementor-heading-title elementor-size-default\">SOUTIEN AUX FAMILLES<\/h2>\t\t<\/div>\n\t\t\t\t<\/div>\n\t\t\t\t\t<\/div>\n\t\t<\/div>\n\t\t\t\t<div class=\"elementor-column elementor-col-50 elementor-top-column elementor-element elementor-element-a5b4843\" data-id=\"a5b4843\" data-element_type=\"column\">\n\t\t\t<div class=\"elementor-widget-wrap elementor-element-populated\">\n\t\t\t\t\t\t\t\t<div class=\"elementor-element elementor-element-eea44ce elementor-widget elementor-widget-text-editor\" data-id=\"eea44ce\" data-element_type=\"widget\" data-widget_type=\"text-editor.default\">\n\t\t\t\t<div class=\"elementor-widget-container\">\n\t\t\t\t\t\t\t<p>L&rsquo;accompagnement des familles est au coeur du projet associatif. Que ce soit au d\u00e9but du diagnostic, dans la mise en place des prises en charge, des rendez-vous m\u00e9dicaux, dans les joies et les difficult\u00e9s de chacun, l&rsquo;association peut toujours \u00eatre sollicit\u00e9e pour une \u00e9coute, des conseils, du soutien.<\/p><p>Des rencontres seront organis\u00e9es pour renforcer le lien entre les familles.<\/p>\t\t\t\t\t\t<\/div>\n\t\t\t\t<\/div>\n\t\t\t\t\t<\/div>\n\t\t<\/div>\n\t\t\t\t\t\t\t<\/div>\n\t\t<\/section>\n\t\t\t\t<section class=\"elementor-section elementor-top-section elementor-element elementor-element-9dd06df elementor-section-boxed elementor-section-height-default elementor-section-height-default\" data-id=\"9dd06df\" data-element_type=\"section\">\n\t\t\t\t\t\t<div class=\"elementor-container elementor-column-gap-default\">\n\t\t\t\t\t<div class=\"elementor-column elementor-col-50 elementor-top-column elementor-element elementor-element-75b89cf\" data-id=\"75b89cf\" data-element_type=\"column\" data-settings=\"{&quot;background_background&quot;:&quot;classic&quot;}\">\n\t\t\t<div class=\"elementor-widget-wrap elementor-element-populated\">\n\t\t\t\t\t<div class=\"elementor-background-overlay\"><\/div>\n\t\t\t\t\t\t\t\t<div class=\"elementor-element elementor-element-8a76a93 elementor-widget elementor-widget-heading\" data-id=\"8a76a93\" data-element_type=\"widget\" data-widget_type=\"heading.default\">\n\t\t\t\t<div class=\"elementor-widget-container\">\n\t\t\t<h2 class=\"elementor-heading-title elementor-size-default\">COMMUNICATION<\/h2>\t\t<\/div>\n\t\t\t\t<\/div>\n\t\t\t\t\t<\/div>\n\t\t<\/div>\n\t\t\t\t<div class=\"elementor-column elementor-col-50 elementor-top-column elementor-element elementor-element-13eacd8\" data-id=\"13eacd8\" data-element_type=\"column\">\n\t\t\t<div class=\"elementor-widget-wrap elementor-element-populated\">\n\t\t\t\t\t\t\t\t<div class=\"elementor-element elementor-element-2222aeb elementor-widget elementor-widget-text-editor\" data-id=\"2222aeb\" data-element_type=\"widget\" data-widget_type=\"text-editor.default\">\n\t\t\t\t<div class=\"elementor-widget-container\">\n\t\t\t\t\t\t\t<p>Nous veillerons \u00e0 mettre en place des supports d&rsquo;informations afin de les diffuser les informations aux familles, mais aussi aux professionnels, aux associations, aux pouvoirs publics.<\/p>\t\t\t\t\t\t<\/div>\n\t\t\t\t<\/div>\n\t\t\t\t\t<\/div>\n\t\t<\/div>\n\t\t\t\t\t\t\t<\/div>\n\t\t<\/section>\n\t\t\t\t<section class=\"elementor-section elementor-top-section elementor-element elementor-element-3434015 elementor-section-boxed elementor-section-height-default elementor-section-height-default\" data-id=\"3434015\" data-element_type=\"section\">\n\t\t\t\t\t\t<div class=\"elementor-container elementor-column-gap-default\">\n\t\t\t\t\t<div class=\"elementor-column elementor-col-50 elementor-top-column elementor-element elementor-element-2be4e4c\" data-id=\"2be4e4c\" data-element_type=\"column\" data-settings=\"{&quot;background_background&quot;:&quot;classic&quot;}\">\n\t\t\t<div class=\"elementor-widget-wrap elementor-element-populated\">\n\t\t\t\t\t<div class=\"elementor-background-overlay\"><\/div>\n\t\t\t\t\t\t\t\t<div class=\"elementor-element elementor-element-97949b5 elementor-widget elementor-widget-heading\" data-id=\"97949b5\" data-element_type=\"widget\" data-widget_type=\"heading.default\">\n\t\t\t\t<div class=\"elementor-widget-container\">\n\t\t\t<h2 class=\"elementor-heading-title elementor-size-default\">RESSOURCES SCIENTIFIQUES<\/h2>\t\t<\/div>\n\t\t\t\t<\/div>\n\t\t\t\t\t<\/div>\n\t\t<\/div>\n\t\t\t\t<div class=\"elementor-column elementor-col-50 elementor-top-column elementor-element elementor-element-ebc51ec\" data-id=\"ebc51ec\" data-element_type=\"column\">\n\t\t\t<div class=\"elementor-widget-wrap elementor-element-populated\">\n\t\t\t\t\t\t\t\t<div class=\"elementor-element elementor-element-1f943dd elementor-widget elementor-widget-text-editor\" data-id=\"1f943dd\" data-element_type=\"widget\" data-widget_type=\"text-editor.default\">\n\t\t\t\t<div class=\"elementor-widget-container\">\n\t\t\t\t\t\t\t<p>L&rsquo;acc\u00e8s aux publications scientifiques sur le sujet \u00e9tant compliqu\u00e9, nous nous attacherons \u00e0 les regrouper et \u00e0 faciliter leur lecture.<\/p>\t\t\t\t\t\t<\/div>\n\t\t\t\t<\/div>\n\t\t\t\t\t<\/div>\n\t\t<\/div>\n\t\t\t\t\t\t\t<\/div>\n\t\t<\/section>\n\t\t\t\t<section class=\"elementor-section elementor-top-section elementor-element elementor-element-f1e7f5b elementor-section-boxed elementor-section-height-default elementor-section-height-default\" data-id=\"f1e7f5b\" data-element_type=\"section\">\n\t\t\t\t\t\t<div class=\"elementor-container elementor-column-gap-default\">\n\t\t\t\t\t<div class=\"elementor-column elementor-col-100 elementor-top-column elementor-element elementor-element-a0fe6dc\" data-id=\"a0fe6dc\" data-element_type=\"column\">\n\t\t\t<div class=\"elementor-widget-wrap elementor-element-populated\">\n\t\t\t\t\t\t\t\t<div class=\"elementor-element elementor-element-82289ba elementor-view-default elementor-widget elementor-widget-icon\" data-id=\"82289ba\" data-element_type=\"widget\" data-widget_type=\"icon.default\">\n\t\t\t\t<div class=\"elementor-widget-container\">\n\t\t\t\t\t<div class=\"elementor-icon-wrapper\">\n\t\t\t<div class=\"elementor-icon\">\n\t\t\t<i aria-hidden=\"true\" class=\"fas fa-star\"><\/i>\t\t\t<\/div>\n\t\t<\/div>\n\t\t\t\t<\/div>\n\t\t\t\t<\/div>\n\t\t\t\t\t<\/div>\n\t\t<\/div>\n\t\t\t\t\t\t\t<\/div>\n\t\t<\/section>\n\t\t\t\t\t\t<\/div>\n\t\t\t\t\t<\/div>\n\t\t","protected":false},"excerpt":{"rendered":"<p>Le projet associatif Chaque personne concern\u00e9e par la d\u00e9l\u00e9tion 16p11.2, de pr\u00e8s ou de loin, est au coeur du projet associatif. L&rsquo;objectif est que chacun y trouve sa place, la r\u00e9ponse \u00e0 ses questions, \u00e0 ses besoins et puisse se sentenir soutenu. Le lien avec le monde m\u00e9dical sera essentiel. Actuellement, nous travaillons sur l&rsquo;\u00e9laboration [&hellip;]<\/p>\n","protected":false},"author":1,"featured_media":0,"parent":0,"menu_order":0,"comment_status":"closed","ping_status":"closed","template":"elementor_header_footer","meta":{"footnotes":""},"class_list":["post-164","page","type-page","status-publish","hentry"],"_links":{"self":[{"href":"https:\/\/www.detouteslescouleurs.fr\/index.php?rest_route=\/wp\/v2\/pages\/164","targetHints":{"allow":["GET"]}}],"collection":[{"href":"https:\/\/www.detouteslescouleurs.fr\/index.php?rest_route=\/wp\/v2\/pages"}],"about":[{"href":"https:\/\/www.detouteslescouleurs.fr\/index.php?rest_route=\/wp\/v2\/types\/page"}],"author":[{"embeddable":true,"href":"https:\/\/www.detouteslescouleurs.fr\/index.php?rest_route=\/wp\/v2\/users\/1"}],"replies":[{"embeddable":true,"href":"https:\/\/www.detouteslescouleurs.fr\/index.php?rest_route=%2Fwp%2Fv2%2Fcomments&post=164"}],"version-history":[{"count":54,"href":"https:\/\/www.detouteslescouleurs.fr\/index.php?rest_route=\/wp\/v2\/pages\/164\/revisions"}],"predecessor-version":[{"id":1242,"href":"https:\/\/www.detouteslescouleurs.fr\/index.php?rest_route=\/wp\/v2\/pages\/164\/revisions\/1242"}],"wp:attachment":[{"href":"https:\/\/www.detouteslescouleurs.fr\/index.php?rest_route=%2Fwp%2Fv2%2Fmedia&parent=164"}],"curies":[{"name":"wp","href":"https:\/\/api.w.org\/{rel}","templated":true}]}}